{"id":2,"date":"2020-11-17T14:05:36","date_gmt":"2020-11-17T14:05:36","guid":{"rendered":"https:\/\/magical-liskov.31-3-134-213.plesk.page\/shalini\/?page_id=2"},"modified":"2021-11-08T13:48:17","modified_gmt":"2021-11-08T13:48:17","slug":"home","status":"publish","type":"page","link":"https:\/\/magical-liskov.31-3-134-213.plesk.page\/shalini\/","title":{"rendered":"HOME"},"content":{"rendered":"<div id=\"cs-content\" class=\"cs-content\" >\r\n<div class=\"e2-1 x-section\" >\r\n    \r\n<div class=\"x-bg\" aria-hidden=\"true\" style=\"border-radius: 1.793 1.793 1.793 1.793;\" >\r\n  <div class=\"x-bg-layer-lower-image\" style=\" background-image: url(https:\/\/magical-liskov.31-3-134-213.plesk.page\/shalini\/wp-content\/uploads\/2020\/11\/content.jpg); background-repeat: repeat; background-position: center; background-size: center;\" ><\/div>  <div class=\"x-bg-layer-upper-color\" style=\" background-color: transparent;\" ><\/div><\/div>\r\n  \r\n<div class=\"e2-2 x-row x-container max width\" >\r\n  <div class=\"x-row-inner\">\r\n    \r\n<div class=\"e2-3 x-col\" >\r\n    \r\n<div class=\"e2-4 x-text x-text-headline\" >\r\n  <div class=\"x-text-content\"><div class=\"x-text-content-text\"><h2 class=\"x-text-content-text-primary\"><span id=\"benvenuti\" style=\"color: #5b2627; font-family: Philosopher;\">BENVENUTI AL CENTRO SHALINI<\/span><\/h2><\/div><\/div><\/div>\r\n<\/div>\r\n  <\/div>\r\n  <\/div>\r\n\r\n<div class=\"e2-5 x-row x-container max width\" >\r\n  <div class=\"x-row-inner\">\r\n    \r\n<div class=\"e2-6 x-col\" >\r\n    \r\n<span class=\"e2-7 x-image\" >\r\n  <img alt=\"Image\" src=\"https:\/\/magical-liskov.31-3-134-213.plesk.page\/shalini\/wp-content\/uploads\/2021\/11\/kerala6-2B.jpg\" width=\"278\" height=\"200\" >\r\n<\/span>\r\n<\/div>\r\n\r\n<div class=\"e2-8 x-col\" >\r\n    \r\n<div class=\"e2-9 x-text\" >\r\n  <p style=\"text-align: justify;\">Situato nel verde di un piccolo borgo sovrastante Lugano, il centro &egrave; aperto a chi desidera migliorare la propria salute con i metodi tradizionali dell&rsquo; Ayurveda, e a chi sogna un&rsquo;oasi di pace dove rilassare la mente. Ogni trattamento &egrave; condotto da una terapista Ayurveda con ventennale esperienza, diplomata e specializzata nel Kerala secondo gli antichi insegnamenti di questa disciplina e utilizzando soltanto solo erbe, piante e frutti provenienti dall'India.<\/p><\/div>\r\n<\/div>\r\n  <\/div>\r\n  <\/div>\r\n  <\/div>\r\n\r\n<div class=\"e2-10 x-section\" >\r\n    \r\n<div class=\"x-bg\" aria-hidden=\"true\" >\r\n  <div class=\"x-bg-layer-lower-image\" style=\" background-image: url(https:\/\/magical-liskov.31-3-134-213.plesk.page\/shalini\/wp-content\/uploads\/2020\/11\/content.jpg); background-repeat: repeat; background-position: repeat; background-size: repeat;\" ><\/div>  <\/div>\r\n  \r\n<div class=\"e2-11 x-row x-container max width\" >\r\n  <div class=\"x-row-inner\">\r\n    \r\n<div class=\"e2-12 x-col\" >\r\n    \r\n<div class=\"e2-13 x-text x-text-headline\" >\r\n  <div class=\"x-text-content\"><div class=\"x-text-content-text\"><h2 class=\"x-text-content-text-primary\"><span style=\"color: #5b2627; font-family: Philosopher;\">DOMANDE FREQUENTI<\/span><\/h2><\/div><\/div><\/div>\r\n<\/div>\r\n  <\/div>\r\n  <\/div>\r\n\r\n<div class=\"e2-14 x-row x-container max width\" >\r\n  <div class=\"x-row-inner\">\r\n    \r\n<div class=\"e2-15 x-col\" >\r\n    <div  class=\"x-accordion\" ><div  class=\"x-accordion-group\" ><div class=\"x-accordion-heading\"><a id=\"tab-69f621cd3e9b9\" class=\"x-accordion-toggle collapsed\" role=\"tab\" data-x-toggle=\"collapse-b\" data-x-toggleable=\"69f621cd3e9b9\" aria-selected=\"false\" aria-expanded=\"false\" aria-controls=\"panel-69f621cd3e9b9\">Quali settori comprende la medicina Ayurveda?<\/a><\/div><div id=\"panel-69f621cd3e9b9\" class=\"x-accordion-body x-collapsed\" role=\"tabpanel\" data-x-toggle-collapse=\"1\" data-x-toggleable=\"69f621cd3e9b9\" aria-hidden=\"true\" aria-labelledby=\"tab-69f621cd3e9b9\"><div class=\"x-accordion-inner\">\n<p><span style=\"color: #000000;\">Comprende 8 branche <\/span><\/p>\n<ul>\n<li><span style=\"color: #000000;\">(Chikitsa) Kaya <\/span><\/li>\n<li><span style=\"color: #000000;\">Medicina interna Bala <\/span><\/li>\n<li><span style=\"color: #000000;\">Pediatria Graha <\/span><\/li>\n<li><span style=\"color: #000000;\">Psichiatria Urdhvanga<\/span><\/li>\n<li><span style=\"color: #000000;\">Otorinolaringoiatra e oculistica Salya<\/span><\/li>\n<li><span style=\"color: #000000;\"> Chirurgia Damstra<\/span><\/li>\n<li><span style=\"color: #000000;\">Tossicologia Jara<\/span><\/li>\n<li><span style=\"color: #000000;\">Geriatria Vrsa<\/span><\/li>\n<li><span style=\"color: #000000;\">Rivitalizzazione, ringiovanimento cellulare (impotenza, sterilit\u00e0, sessualit\u00e0)<\/span><\/li>\n<\/ul>\n<\/div><\/div><\/div><div  class=\"x-accordion-group\" ><div class=\"x-accordion-heading\"><a id=\"tab-69f621cd3e9d1\" class=\"x-accordion-toggle collapsed\" role=\"tab\" data-x-toggle=\"collapse-b\" data-x-toggleable=\"69f621cd3e9d1\" aria-selected=\"false\" aria-expanded=\"false\" aria-controls=\"panel-69f621cd3e9d1\">Come si considera la Salute?<\/a><\/div><div id=\"panel-69f621cd3e9d1\" class=\"x-accordion-body x-collapsed\" role=\"tabpanel\" data-x-toggle-collapse=\"1\" data-x-toggleable=\"69f621cd3e9d1\" aria-hidden=\"true\" aria-labelledby=\"tab-69f621cd3e9d1\"><div class=\"x-accordion-inner\">\n<p style=\"color: #000000; text-align: justify;\">Il corpo \u00e8 composto da 3 elementi chiamati <em>Dosha<\/em>. <em>Vata<\/em> \u00e8 il principio fisiologico del movimento e dell\u2019attivazione; <em>Pitta<\/em> \u00e8 il principio della trasformazione digestiva, del nutrimento e del calore corporeo; <em>Kapha <\/em>\u00e8 il principio della coesione cellulare, dei tessuti e della conservazione). Ci sono poi 7 <em>dhatu<\/em> (tessuti ) e i <em>mala<\/em> (secrezioni ed escrezioni). La diagnosi si basa sulla conoscenza della loro azione e interazione all\u2019interno dell\u2019organismo, al fine di individuare la natura dello squilibrio, concausa di disordini interni o di malattie.<\/p>\n<\/div><\/div><\/div><div  class=\"x-accordion-group\" ><div class=\"x-accordion-heading\"><a id=\"tab-69f621cd3e9e2\" class=\"x-accordion-toggle collapsed\" role=\"tab\" data-x-toggle=\"collapse-b\" data-x-toggleable=\"69f621cd3e9e2\" aria-selected=\"false\" aria-expanded=\"false\" aria-controls=\"panel-69f621cd3e9e2\">Quanto durano le terapie e come si interviene?<\/a><\/div><div id=\"panel-69f621cd3e9e2\" class=\"x-accordion-body x-collapsed\" role=\"tabpanel\" data-x-toggle-collapse=\"1\" data-x-toggleable=\"69f621cd3e9e2\" aria-hidden=\"true\" aria-labelledby=\"tab-69f621cd3e9e2\"><div class=\"x-accordion-inner\">\n<p style=\"color: #000000; text-align: justify;\">Dipende dalla seriet\u00e0 dei disturbi del paziente. Solo una diagnosi clinica pu\u00f2 valutare la durata e i tipi di trattamenti necessari, ma di regola la piena efficacia di una cura la si raggiunge dopo 21 o 28 giorni. La preparazione di un trattamento \u00e8 complessa e richiede un certo tempo (min. 2 ore per la maggior parte delle terapie) perch\u00e9 impiega diversi ingredienti che devono essere fusi e cotti secondo modalit\u00e0 ben precise. Per la terapista \u00e8 un impegno utilizzare soltanto prodotti freschi: solo cos\u00ec si avr\u00e0 un valido effetto terapeutico.<\/p>\n<\/div><\/div><\/div><div  class=\"x-accordion-group\" ><div class=\"x-accordion-heading\"><a id=\"tab-69f621cd3e9f3\" class=\"x-accordion-toggle collapsed\" role=\"tab\" data-x-toggle=\"collapse-b\" data-x-toggleable=\"69f621cd3e9f3\" aria-selected=\"false\" aria-expanded=\"false\" aria-controls=\"panel-69f621cd3e9f3\">Sono terapie dolorose?<\/a><\/div><div id=\"panel-69f621cd3e9f3\" class=\"x-accordion-body x-collapsed\" role=\"tabpanel\" data-x-toggle-collapse=\"1\" data-x-toggleable=\"69f621cd3e9f3\" aria-hidden=\"true\" aria-labelledby=\"tab-69f621cd3e9f3\"><div class=\"x-accordion-inner\">\n<p style=\"color: #000000; text-align: justify\">No, sono terapie non aggressive che risultano pure piacevoli e rilassanti per il paziente. Tuttavia esistono terapie pi\u00f9 radicali praticate in casi di seria necessit\u00e0, come le terapie del <em>panchakarma<\/em>. Alcune di esse possono risultare un po\u2019 fastidiose, ma ci\u00f2 \u00e8 funzionale ad una disintossicazione immeditata. La maggior parte dei trattamenti sono utili anche per la prevenzione e il rafforzamento del sistema immunitario: possono infatti essere effettuate singolarmente perch\u00e9 servono a nutrire e a mantenere l\u2019elasticit\u00e0 della pelle, delle membrane e dei vasi sanguigni. Le tecniche impiegate sono inoltre utili per preservare la salute, mentre altre si impiegano a scopo preliminare al <em>panchakarma<\/em>.<\/p>\n<\/div><\/div><\/div><div  class=\"x-accordion-group\" ><div class=\"x-accordion-heading\"><a id=\"tab-69f621cd3ea02\" class=\"x-accordion-toggle collapsed\" role=\"tab\" data-x-toggle=\"collapse-b\" data-x-toggleable=\"69f621cd3ea02\" aria-selected=\"false\" aria-expanded=\"false\" aria-controls=\"panel-69f621cd3ea02\">Come agiscono le terapie sul corpo umano?<\/a><\/div><div id=\"panel-69f621cd3ea02\" class=\"x-accordion-body x-collapsed\" role=\"tabpanel\" data-x-toggle-collapse=\"1\" data-x-toggleable=\"69f621cd3ea02\" aria-hidden=\"true\" aria-labelledby=\"tab-69f621cd3ea02\"><div class=\"x-accordion-inner\">\n<p style=\"color: #000000; text-align: justify;\">\u00c8 importante sapere che ogni terapia \u00e8 un tonico esente da effetti collaterali, a condizione, per\u00f2, che vengano svolte correttamente e con i giusti ingredienti. Abbiamo detto che le malattie si creano in conseguenza di uno squilibrio degli elementi <em>dosha<\/em>, <em>dhatu<\/em> e <em>mala<\/em>: ci\u00f2 a cui le terapie puntano \u00e8 disintossicare e nutrire l\u2019organismo, al fine di ristabilire l&#8217;equilibrio. Si parte quindi dal presupposto che ogni persona sia sana e che la malattia sia indizio di uno scompenso venutosi a creare successivamente. Si cerca quindi di risolvere il problema alla radice, dove lo stato di alterazione ha avuto la sua origine.<\/p>\n<\/div><\/div><\/div><\/div><\/div>\r\n\r\n<div class=\"e2-22 x-col\" >\r\n    \r\n<hr class=\"e2-23 x-line\" >\r\n<\/div>\r\n  <\/div>\r\n  <\/div>\r\n  <\/div>\r\n\r\n<div class=\"e2-24 x-section\" >\r\n      \r\n<div class=\"e2-25 x-row\" >\r\n  <div class=\"x-row-inner\">\r\n    \r\n<div class=\"e2-26 x-col\" >\r\n  \r\n<div class=\"x-bg\" aria-hidden=\"true\" >\r\n  <div class=\"x-bg-layer-lower-image\" style=\" background-image: url(); background-repeat: no-repeat; background-position: center; background-size: center;\" ><\/div>  <\/div>\r\n  \r\n<span class=\"e2-27 x-image\" >\r\n  <img alt=\"Image\" src=\"https:\/\/magical-liskov.31-3-134-213.plesk.page\/shalini\/wp-content\/uploads\/2020\/11\/emr-rme-shalini-ayurveda-lugano.png\" width=\"197\" height=\"78\" >\r\n<\/span>\r\n<\/div>\r\n\r\n<div class=\"e2-28 x-col\" >\r\n    \r\n<hr class=\"e2-29 x-line\" >\r\n<\/div>\r\n\r\n<div class=\"e2-30 x-col\" >\r\n    \r\n<div class=\"e2-31 x-text\" >\r\n  <p class=\"western\" style=\"text-align: justify;\" lang=\"en-GB\"><span style=\"font-family: Calibri, sans-serif;\"><span style=\"font-size: large;\"><span lang=\"it-IT\"><strong>Marchio di qualit\u00e0 EMR\/RME e riconoscimento di EGK e altre Casse Malattia<\/strong><\/span><\/span><\/span><\/p>\n<p class=\"western\" style=\"text-align: justify;\" lang=\"en-GB\"><span style=\"font-family: Calibri, sans-serif;\"><span style=\"font-size: large;\"><span lang=\"it-IT\">Le nostre terapie Ayurveda sono riconosciute dalle compagnie di assicurazione. Se ha stipulato una complementare \u00e8 quindi possibile che la sua assicurazione contribuisca ai costi. Le consigliamo di verificare con la sua compagnia di assicurazioni. <\/span><\/span><\/span><span style=\"font-family: Calibri, sans-serif;\"><span style=\"font-size: large;\"><span lang=\"en-US\">P<\/span><\/span><\/span><span style=\"font-family: Calibri, sans-serif;\"><span style=\"font-size: large;\"><span lang=\"it-IT\">er ulteriori infomazioni prendete contatto qui.<\/span><\/span><\/span><\/p><\/div>\r\n<\/div>\r\n  <\/div>\r\n  <\/div>\r\n  <\/div>\r\n\r\n<div class=\"e2-32 x-section\" >\r\n    \r\n<div class=\"x-bg\" aria-hidden=\"true\" >\r\n  <div class=\"x-bg-layer-lower-image\" style=\" background-image: url(https:\/\/magical-liskov.31-3-134-213.plesk.page\/shalini\/wp-content\/uploads\/2020\/11\/content.jpg); background-repeat: repeat; background-position: repeat; background-size: ;\" ><\/div>  <\/div>\r\n  \r\n<div class=\"e2-33 x-row x-container max width\" >\r\n  <div class=\"x-row-inner\">\r\n    \r\n<div class=\"e2-34 x-col\" >\r\n    \r\n<div class=\"e2-35 x-text x-text-headline\" >\r\n  <div class=\"x-text-content\"><div class=\"x-text-content-text\"><h2 class=\"x-text-content-text-primary\"><span style=\"color: #5b2627; font-family: Philosopher;\">Brochure informativa e Pubblicazioni<\/span><\/h2><\/div><\/div><\/div>\r\n<\/div>\r\n  <\/div>\r\n  <\/div>\r\n\r\n<div class=\"e2-36 x-row x-container max width\" >\r\n  <div class=\"x-row-inner\">\r\n    \r\n<div class=\"e2-37 x-col\" >\r\n    \r\n<a class=\"e2-38 x-image\" href=\"https:\/\/magical-liskov.31-3-134-213.plesk.page\/shalini\/wp-content\/uploads\/2020\/11\/shalini-flyer-IT.pdf\" >\r\n  <img alt=\"Image\" src=\"https:\/\/magical-liskov.31-3-134-213.plesk.page\/shalini\/wp-content\/uploads\/2021\/11\/brochure-informativa-shalini-ayurveda-lugano-1.png\" width=\"400\" height=\"279\" >\r\n<\/a>\r\n<\/div>\r\n\r\n<div class=\"e2-39 x-col\" >\r\n    \r\n<hr class=\"e2-40 x-line\" >\r\n\r\n<hr class=\"e2-41 x-line\" >\r\n\r\n<hr class=\"e2-42 x-line\" >\r\n\r\n<a class=\"e2-43 x-image\" href=\"#\" >\r\n  <img alt=\"Image\" src=\"https:\/\/magical-liskov.31-3-134-213.plesk.page\/shalini\/wp-content\/uploads\/2020\/11\/logo-ars-medica-1.png\" width=\"154\" height=\"69\" >\r\n<\/a>\r\n<\/div>\r\n\r\n<div class=\"e2-44 x-col\" >\r\n    \r\n<div class=\"e2-45 x-text\" >\r\n  <p style=\"color: #5b2627;font-family: Calibri, sans-serif;\"><a style=\"color: #5b2627;\" href=\"https:\/\/magical-liskov.31-3-134-213.plesk.page\/shalini\/wp-content\/uploads\/2020\/11\/noi-insieme-1.pdf\">NOI  INSIEME<\/a><\/p>\n<p>&nbsp;<\/p>\n<p><span style=\"color: #5b2627;font-family: Calibri, sans-serif;\"><a style=\"color: #5b2627;\" href=\"https:\/\/magical-liskov.31-3-134-213.plesk.page\/shalini\/wp-content\/uploads\/2020\/11\/noi-insieme-2.pdf\">NOI INSIEME 2<\/a><\/span><\/p>\n<p>&nbsp;<\/p>\n<p><span style=\"color: #5b2627;font-family: Calibri, sans-serif;\"><a style=\"color: #5b2627;\" href=\"https:\/\/magical-liskov.31-3-134-213.plesk.page\/shalini\/wp-content\/uploads\/2020\/11\/helloswitzerland.pdf\">HELLO SWITZERLAND<\/a><\/span><\/p>\n<\/div>\r\n<\/div>\r\n  <\/div>\r\n  <\/div>\r\n  <\/div>\r\n<\/div>\n","protected":false},"excerpt":{"rendered":"<p>BENVENUTI AL CENTRO SHALINI Situato nel verde di un piccolo borgo sovrastante Lugano, il centro &egrave; aperto a chi desidera migliorare la propria salute con i metodi tradizionali dell&rsquo; Ayurveda, e a chi sogna un&rsquo;oasi di pace dove rilassare la mente. Ogni trattamento &egrave; condotto da una terapista Ayurveda con ventennale esperienza, diplomata e specializzata [&hellip;]<\/p>\n","protected":false},"author":1,"featured_media":0,"parent":0,"menu_order":0,"comment_status":"closed","ping_status":"closed","template":"","meta":[],"_links":{"self":[{"href":"https:\/\/magical-liskov.31-3-134-213.plesk.page\/shalini\/wp-json\/wp\/v2\/pages\/2"}],"collection":[{"href":"https:\/\/magical-liskov.31-3-134-213.plesk.page\/shalini\/wp-json\/wp\/v2\/pages"}],"about":[{"href":"https:\/\/magical-liskov.31-3-134-213.plesk.page\/shalini\/wp-json\/wp\/v2\/types\/page"}],"author":[{"embeddable":true,"href":"https:\/\/magical-liskov.31-3-134-213.plesk.page\/shalini\/wp-json\/wp\/v2\/users\/1"}],"replies":[{"embeddable":true,"href":"https:\/\/magical-liskov.31-3-134-213.plesk.page\/shalini\/wp-json\/wp\/v2\/comments?post=2"}],"version-history":[{"count":72,"href":"https:\/\/magical-liskov.31-3-134-213.plesk.page\/shalini\/wp-json\/wp\/v2\/pages\/2\/revisions"}],"predecessor-version":[{"id":1393,"href":"https:\/\/magical-liskov.31-3-134-213.plesk.page\/shalini\/wp-json\/wp\/v2\/pages\/2\/revisions\/1393"}],"wp:attachment":[{"href":"https:\/\/magical-liskov.31-3-134-213.plesk.page\/shalini\/wp-json\/wp\/v2\/media?parent=2"}],"curies":[{"name":"wp","href":"https:\/\/api.w.org\/{rel}","templated":true}]}}